 (-1 - 0)).
1
5 + (-2 + 9 - 11) + -7
-6
What is -41 - -35 - (-2 - (2 + 5))?
3
What is the value of (1 - 6) + 2 - (-3 + 4)?
-4
What is the value of (5 - 6 - -3) + -4?
-2
What is (3 + -5 - -9) + -3?
4
Evaluate 10 - (-6 + 7 - -3).
6
5 + -10 - (-2 + -3)
0
What is -8 + (2 - 6) + 5?
-7
What is the value of 1 + (1 - 4 - -3) + -8?
-7
What is the value of 0 - -1 - (19 + -15 + -8)?
5
Calculate 11 + 1 + 3 + -7 + -6.
2
What is (-1 - 0) + -3 - 2?
-6
Calculate -6 - ((2 - 13) + 3).
2
What is the value of 1 - -6 - 0 - 10?
-3
Calculate -11 + 15 + 8 + -16.
-4
What is (5 - 0) + -3 + 0?
2
0 - (-3 + (2 - (3 - 1)))
3
Calculate (-1 - 5 - -1) + 1.
-4
Evaluate -10 + 0 + 119 + -108.
1
-2 - 0 - 1 - (-1 - 1)
-1
What is the value of (8 - (-2 + 6)) + -7?
-3
What is -4 + 2 + 0 + 8?
6
-24 + 35 - (1 - -11)
-1
Calculate -14 + (5 + 1 - -2).
-6
-2 - (2 + -7 - -3)
0
Calculate 7 - (-10 - (-4 - 9)).
4
What is the value of -3 + 1 - (-3 - 3 - -5)?
-1
-4 + 0 + 8 + -4
0
Calculate -3 + 6 + -1 + -7.
-5
Evaluate 3 + -2 + -6 - -5.
0
Evaluate 7 + (7 - 6) + -3.
5
Evaluate 2 - (1 - -8 - 3).
-4
What is the value of 4 + -4 + -4 - -3?
-1
Calculate 10 + (7 - 38) + 11.
-10
What is 9 + (3 - (2 + 5))?
5
-1 + -3 + (-3 - -9) + -4
-2
4 - (5 + (-1 - -1) + -6)
5
Evaluate (-5 - -3 - -8) + (-3 - 0).
3
Calculate -7 + 1 - (42 + -41).
-7
Calculate 2 - -5 - (11 + 16 + -16).
-4
Evaluate -8 + 1 + 45 + -49 - -7.
-4
What is 41 - 43 - (1 + 2)?
-5
What is the value of 4 - (-4 - (-13 - -2))?
-3
What is -8 - ((4 - 4) + -2 - 2)?
-4
Calculate 7 + -15 + 6 + 2.
0
What is -1 + (5 + -1 + -7 - -4)?
0
What is (0 - 0) + -7 + 2?
-5
Calculate -10 - (-7 - (8 + -7)).
-2
What is the value of 7 - (-2 + 0 + 47 + -35)?
-3
Evaluate 0 + -1 - (-6 + (8 - -2)).
-5
Calculate 5 + -5 + 5 + -2 + 0.
3
Evaluate 0 - (-2 - (2 + -3)).
1
What is 1 + (-7 - -4) + 6?
4
Evaluate -7 + 0 - (-32 - -34).
-9
Calculate (1 - 0) + 5 + -13 + 7.
0
What is the value of 0 + 0 + 6 - 11?
-5
1 + -5 - (-8 + 5)
-1
4 + -5 + -2 + (-2 - 1)
-6
Evaluate -11 - -2 - (5 + -18).
4
Evaluate 0 + -2 - (0 + -2).
0
Calculate (0 - (-1 + 2)) + 3 - 8.
-6
What is the value of (2 - (-3 - (-1 - 2))) + 2?
4
Evaluate -9 + -1 + (-56 - -62).
-4
4 + -1 + (2 - (-3 + 8))
0
Evaluate (-4 - (2 + 2 + -5)) + 1.
-2
(12 - (-8 - -27)) + -1 + 3
-5
What is the value of 4 - (-2 - (-2 + -4))?
0
3 + (3 - (3 - -1))
2
What is (9 - (-6 - -11)) + -10?
-6
What is the value of -6 + (6 - ((3 - -3) + 2))?
-8
What is the value of 4 + (2 - (-6 - -8))?
4
(-28 - -11 - (-2 + -4)) + 6
-5
-15 + 16 - (2 + -6)
5
What is -2 + -4 + 3 + 5?
2
What is the value of 3 + 2 + 1 + -4?
2
What is the value of (-9 - (-7 + -1)) + (3 - 1)?
1
-7 - (-9 - (-4 + 14 + -4))
8
Calculate 13 + -9 + 1 - 3.
2
What is the value of -11 + -1 - (-51 + 38)?
1
What is 7 - ((0 - -2) + 8)?
-3
Evaluate 4 + (-2 - 5 - (-21 + 17)).
1
What is the value of -2 - -1 - -3 - -1?
3
-1 - (4 - 3 - 3)
1
What is the value of 6 - (-4 - (-7 + -5))?
-2
What is the value of 3 + -12 - (-2 + -1 + -2)?
-4
37 - 40 - (-2 + -7)
6
What is the value of -2 + 3 + -1 + (-1 - 1)?
-2
Evaluate -4 + -3 + (2 - -6).
1
What is the value of (2 - 1) + (-3 - 0) + 8?
6
(6 - -5) + -4 - 9
-2
Calculate -1 + (10 - (0 + 6) - 4).
-1
What is 3 + -1 + -3 - (0 - 6)?
5
Evaluate 1 - (-1 - (-10 + 4) - 0).
-4
Evaluate (-29 - -30) + -5 + 0.
-4
Calculate -2 + (3 - 0) - -2.
3
What is 6 - (-12 + -12 + 27)?
3
Calculate -1 + (2 - -1) - -2.
4
-1 - (-3 + 0) - 2
0
Calculate (-2 - 1) + 11 + -4.
4
(-4 - -1) + (14 - (-4 - -10))
5
Calculate -12 - (-8 - (1 + 5 - 9)).
-7
What is -2 + 7 + -12 + (3 - 1)?
-5
Calculate 4 + (-3 - 0) - 0.
1
(1 - -3) + 1 + (-18 - -5)
-8
-50 + 46 + (4 - -3)
3
What is the value of 2 + -2 - (35 + -22) - -3?
-10
Evaluate 3 - ((4 - 8) + -2 + 7).
2
Evaluate -10 + 7 + (-1 - (3 + -12)).
5
(-1 - (6 - 3)) + 2
-2
What is the value of -2 + 1 + (4 + -4 - 2)?
-3
Evaluate 12 - 2 - 2 - (99 + -97).
6
Calculate 4 + (5 - -1 - 6) + -2.
2
Evaluate -4 + (-5 - -2) - (-2 + 1).
-6
What is -6 + -8 + (11 - -1)?
-2
What is the value of -34 + 30 - (0 - 0)?
-4
What is the value of 6 + (0 - 2 - (3 - -7))?
-6
What is 3 + (5 - (-3 + 13)) - -4?
2
Evaluate 5 - (4 + (-8 - -6)).
3
What is (8 + -16 - -1 - -9) + -1?
1
1 + 0 - (0 - (0 + -2))
-1
4 - 5 - 1 - (-5 - -2)
1
What is 7 + (-10 - 0) + -1?
-4
Evaluate (-1 + 3 - 0) + -5.
-3
-1 - -4 - ((-3 - 1) + 4)
3
-6 + 2 - -5 - (1 + -1)
1
Calculate 3 - (4 + -9) - 3.
5
What is (12 - 11) + (-3 - -1)?
-1
-4 + 5 + (2 - 0) - -2
5
What is the value of 3 + 1 + -13 + 5?
-4
Evaluate (2 - -1 - (4 + -3)) + -1.
1
Evaluate -11 + (-10 - -23 - 6).
-4
2 - -5 - (35 - 16 - 14)
2
What is (-5 + 3 - 2) + 8 + -1?
3
What is -35 + 40 - (5 - -1)?
-1
Calculate 0 - (7 + -3 - 9 - -4).
1
Calculate -8 + 21 - (-1 + 11).
3
-2 - (-2 + -4) - (0 - -6)
-2
-10 + (-2 - (-6 - 3))
-3
Evaluate 0 + -2 + -5 + (7 - -1).
1
Calculate 1 + (-7 - (-10 - 0)).
4
Evaluate (-1 + -1 - (0 + 2)) + -1.
-5
What is the value of 0 + -3 + 0 - (-80 + 78)?
-1
Calculate -1 + (2 - 3) + 4.
2
Evaluate -3 - (-1 + (2 - 5)).
1
3 + -4 + 5 + -4 + 0
0
What is the value of 3 + 2 + -3 + 4 + -9?
-3
10 - (-8 - 1 - -26)
-7
Evaluate -1 + (-5 + 2 - -10 - 4).
2
What is (-4 + 2 - -1) + (-1 - -5)?
3
Calculate 15 - ((-3 - -6) + 5).
7
Calculate -2 - -1 - 1 - (-4 - -7).
-5
What is -9 + (1 - (-3 - -2)) - -1?
-6
What is 0 - -8 - (-33 - -36)?
5
What is 3 + 10 + -2 + -6?
5
Evaluate 14 - (4 - (-5 - -2)).
7
Calculate 1 + 5 + -11 + 4.
-1
What is the value of 11 + -11 + -1 + -1?
-2
What is the value of (1 - 8) + 5 + 5?
3
What is the value of 3 + (9 + 0 - 4) - 4?
4
Calculate 4 + (-12 + 2 - -4).
-2
Evaluate (2 - 2) + 9 + -10 + -2.
-3
What is (-1 - 1 - 1 - -1) + 0?
-2
Calculate (23 - 13) + (-2 - 1).
7
What is 8 + 0 - (2 + -12 - -11)?
7
Calculate (10 - 20) + 7 + (-1 - 1).
-5
1 - (0 + 2) - 1
-2
Evaluate 1 - 9 - (-9 - -2).
-1
Evaluate 1 + 3 + 6 - 10.
0
Evaluate 0 + 1 - (-1 + 6).
-4
Calculate -20 + 15 + (-4 - (-3 + 2)).
-8
-5 - (-5 - -2) - (-3 + 1)
0
Calculate 2 + 0 + (6 - 7) - -4.
5
What is the value of -3 - (-3 + 0 - (-21 + 16))?
-5
Evaluate -22 + 19 - (2 + -4 + 0).
-1
Evaluate 0 + 1 + -7 + 13.
7
What is (-5 - -5) + (-1 + 1 - -2)?
2
What is the value of -2 + -16 + 5 + -1 + 7?
-7
What is 0 - (-5 - (-5 - 0) - 4)?
4
-6 - (11 + -6 + -3 + -5)
-3
What is the value of -6 + -4 - (2 - 12)?
0
Calculate 4 + (1 - (8 - 1)).
-2
(1 - (-9 - -10)) + -1 + -1
-2
Evaluate -3 + -1 + (11 - 24 - -16).
-1
Calculate 5 + -2 + (-2 + 9 - 5).
5
Evaluate -4 + ((6 - 9) + -4 - -12).
1
Evaluate -2 + -2 + 3 - 2.
-3
Evaluate -4 + (-3 - -2 - 0) + 4.
-1
What is the value of -3 + -4 + 2 + (-2 - -6)?
-1
What is the value of 6 + (9 - (9 - -1))?
5
Evaluate 11 - (4 + 4) - 0.
3
What is the value of (8 - 9) + (-1 - -5) + -10?
-7
What is the value of 9 - -7 - (8 + 4)?
4
Calculate 9 + -3 + (-20 - -13).
-1
Evaluate -9 - (-3 - 8) - 9.
-7
What is (-6 + -1 - -4) + 0?
-3
What is the value of -6 + 4 + -3 + 10?
5
Calculate 2 + -2 + (-1 - 2).
-3
Calculate (-6 - -7 - 1) + 1 + 2.
3
What is 11 + (7 - (3 + 13))?
2
What is the value of (-2 - -2) + -8 + 6?
-2
What is 4 + 20 + -15 + 0?
9
(-1 - 1) + 5 + (3 - 2)
4
Evaluate 2 - (5 - 3) - -2.
2
Evaluate -4 + 2 + 3 + 2.
3
Evaluate -19 + (1 - (-4 - 7)).
-7
Calculate (4 + -2 - -2) + -6.
-2
What is (0 - -5 - 1) + -104 + 105?
5
What is the value of -4 + -2 + 6 + -5?
-5
What is the value of (-2 + 5 + -6 - -4) + 3?
4
What is -2 + 1 + -4 + 2 + 0?
-3
What is the value of 1 + 3 + -5 + -2?
-3
What is the value of 1 - -3 - (26 + -26)?
4
What is the value of 8 - (10 + 4 + -4 + -6)?
4
-7 - -1 - (-28 + 16)
6
What is (2 + 5 - 3) + 0 + 1?
5
Calculate -5 - (-4 - -1) - -11.
9
Calculate -3 + 0 + -1 - (9 - 9).
-4
What is the value of -1 + (-7 - -10) - (-7 + 1)?
8
Calculate (3 - 1) + (22 - 26).
-2
What is the value of -6 + 0 + 3 - -2?
-1
0 - (6 + 1 + -3)
-4
What is the value of 0 + (-5 - (-11 - (-7 + 4)))?
3
What is 7 + (5 - 11 - (6 + -11))?
6
(4 - (3 - -4)) + (-3 - -8)
2
Evaluate 0 - (4 - 6 - -4).
-2
Calculate -14 + 12 + 3 + -1.
0
0 + (5 - (21 + -6))
-10
Calculate -75 + 72 - (1 + -1 + 1).
-4
What is the value of (-16 - -16 - (-1 - 1)) + -4?
-2
What is the value of 4 + (3 + -3 - 1)?
3
What is -6 + -9 + -1 + 2 + 5?
-9
What is the value of -7 - -2 - -4 - -3?
2
What is the value of 19 + (-23 - -7 - -5)?
8
Calculate (0 - (-1 + -3 + 0)) + -7.
-3
What is the value of (2 - 14) + 3 + 12?
3
6 + 2 + 0 - 2
6
What is the value of -3 + 3 